 What is n(-4)?
-9
Let w(v) = v**2 - 6*v - 4. Let q be w(7). Let x(c) = 0*c**q + 2 - c + c**2 - 4 - c**3. Let u(j) = -3*j**2 + 19*j - 26. Let k be u(2). What is x(k)?
-2
Let t(h) = -22*h**3 - h - 36*h**3 + 36*h**2 + 19 - 37*h**2 - 18. What is t(1)?
-59
Suppose 0 = 128*m - 129*m - 42. Let w be m/98 - 16/28. Let d(k) = -23*k**2 + 1. Calculate d(w).
-22
Let a(u) = 3*u - 23. Let s(k) be the second derivative of k**4/12 + 15*k**3/2 - 92*k**2 - 28*k. Let n be s(4). What is a(n)?
13
Let o(u) = u**3 + 41*u**2 - u - 39. Let h be -734 + 732 - 1*39. Give o(h).
2
Let w(o) be the second derivative of o**4/12 - 7*o**3/3 + 20*o**2 - 367*o - 3. Calculate w(3).
7
Let q(w) = 37 + 12681*w**2 - 18*w + 12698*w**2 - 25378*w**2. Give q(17).
20
Let q be 7*(1*2 + -1). Let b(f) be the third derivative of f**6/120 - 7*f**5/60 - f**4/24 + f**3 - 17*f**2 + 5989*f. Determine b(q).
-1
Let z(x) = 11*x + 43. Suppose 50*n = 40*n - 80. Calculate z(n).
-45
Let p(c) = 32*c - 27. Let w(o) = 14*o - 13. Let m(a) = 2*p(a) - 5*w(a). Give m(5).
-19
Suppose w + 123 - 124 = 0. Let u(h) = -85*h + 84*h + w + 1. Give u(-1).
3
Suppose -4*g + 14 = -2*g. Suppose 2*f - 21 = -f. Let q(j) = g*j + 6*j - 17*j + f*j. What is q(-1)?
-3
Let j = 65 + 18. Let b = j - 79. Let f(a) be the first derivative of a**2/2 + a - 5. What is f(b)?
5
Let z(u) be the third derivative of u**5/60 - 7*u**4/12 - 7*u**3/6 - 81*u**2 - 6*u. Calculate z(12).
-31
Let o = 224 + 192. Let x = o + -420. Let t(s) = -s**2 - 3*s - 5. What is t(x)?
-9
Let v(t) = -t**3 + 3*t**2 + 5*t + 28. Let s = 403 + -398. Calculate v(s).
3
Let d(q) = -25*q + 700. Let z = 4271 - 4243. Determine d(z).
0
Let a(s) = -s**2 + 24. Suppose -19*v - 2*v = -315. Suppose -y - 4*y - v = -5*o, -o + 3 = 2*y. Give a(y).
24
Let j(m) = -m**2 - 13*m - 5. Suppose 0 = 5*a - 2*c - 3122, -15 = c - 19. Let i = a + -637. Calculate j(i).
17
Let i = -344 - -356. Let k(s) = -42*s - 36. Let c(f) = 17*f + 15. Let x(p) = i*c(p) + 5*k(p). Let q be (-1)/(-3) - (-4)/(-3). What is x(q)?
6
Let t(d) = d - 6. Suppose 8 = 4*z, 2*z = 4*c - 0*z - 12. Suppose c*a + 16 = 4*y - 36, 0 = y - 5*a - 29. Suppose -y = 3*o - 6*o. Give t(o).
-3
Let p(f) = -124*f**2 - 5 + 14*f + f - 8*f**3 + 108*f**2 + 20 + 9*f**3. What is p(15)?
15
Let s(o) = o**3 + 6*o**2 + 4*o + 4. Suppose -5*h + 9*v - 19 = 8*v, v = -h - 5. Calculate s(h).
20
Let o(l) = -18 - 12 - 5*l + 28. Suppose 0*p = -4*p - 16. Let v be p/22 - 31/11. Calculate o(v).
13
Let p be -2*((-12)/(-16))/(3/(-6))*1. Let x(z) be the second derivative of 0 + 6*z - 1/6*z**p + 9/2*z**2. Determine x(7).
2
Let w(j) = 2*j**2 + 92*j - 90. Let f be 5*564/20*(-4)/12. Calculate w(f).
4
Let c = 42 - -26. Suppose -12*z = c - 20. Let t(p) = p + p**2 - 5 + p + p**2. Determine t(z).
19
Let m(d) = -3*d - 3. Suppose 4*t + 88 = 5*x, 4*t = 2*t + 2*x - 42. Let p = t - -26. Suppose -17 = p*v + 10. Determine m(v).
6
Suppose 0*z - 113 = -3*z - 5*q, 3*z - 106 = 2*q. Suppose 45*m = -z - 54. Let p(v) = v + 3. Give p(m).
1
Let q be ((-3)/(-4))/(51/136). Let z(l) = 2*l**q + 6*l - l**2 - 5*l**2 + 5*l**2. Determine z(-6).
0
Let k = -1568 - -1574. Let i(o) be the third derivative of 1/24*o**4 + 1/120*o**k - 3/2*o**3 + 0*o**5 - 20*o**2 + 0*o + 0. Calculate i(0).
-9
Let l(k) = -k**3 - 9. Let a(n) be the third derivative of 0*n + 0 - 1/24*n**4 - 2*n**3 + 9*n**2. Let y be a(-12). Determine l(y).
-9
Let m(j) = 347 + 370 - 718 - 7*j. Suppose 0 = -3*u + 13 - 22. Determine m(u).
20
Let n(o) = -28 + 10*o - 24 + 3*o**3 + 48 - 3*o**3 + o**3 + 10*o**2. Give n(-9).
-13
Let u(w) = -w**3 + 3*w**2 - 4*w + 1. Suppose -3*m + 14 = 5*a, 2*a = -84*m + 82*m + 8. Determine u(a).
-1
Let j(h) = -h**3 + 4*h**2 + 5*h + 3. Let v = -537 + 917. Let l = 385 - v. Determine j(l).
3
Let w = 2760 + -2750. Let u(l) = 2*l**2 - 20*l - 4. Calculate u(w).
-4
Let p(v) = 93*v + 645. Let n = -44026 + 44019. Determine p(n).
-6
Let v = -3934 + 3942. Let d(p) = 5*p + 9. Let c(q) = -14*q - 26. Let n(y) = -6*c(y) - 17*d(y). Calculate n(v).
-5
Let n(b) = 9*b + 127. Let k be n(-14). Let w be (13 + -1 + -6)/k. Let t(z) = z. Let j(u) = 6*u - 4. Let g(l) = j(l) - 8*t(l). Calculate g(w).
-16
Let p = 214 + -206. Suppose 9 = -p*s - 23. Let z(r) = -r**3 - 4*r**2 + 3*r - 5. What is z(s)?
-17
Suppose -5 = 3*n - 14. Suppose -2*r = -r - 3*c + 9, -6 = -n*c. Let v(z) be the third derivative of z**6/120 + z**5/20 - z**4/12 + z**3/6 + 10*z**2. Give v(r).
7
Let a(o) = -265*o**2 + 132*o + 5. Let r(i) = -309*i**2 + 153*i + 6. Let q(p) = 7*a(p) - 6*r(p). Suppose 1 = m - 6. Calculate q(m).
-8
Let d(f) = -15 + 12 + 62 + 2*f + 46*f**2 + 2*f**3 + 6 - 19. What is d(-23)?
0
Let c(l) = -5*l - 7. Let z(o) be the first derivative of o**3/3 + o**2 + 4*o - 7. Let m be z(-2). Let d(k) = k**3 - 3*k**2 - 6*k + 2. Let j be d(m). Give c(j).
23
Let a = -1017 - -1674. Let r(k) = 6 + 328*k - a*k + 330*k. Give r(-3).
3
Suppose -2*a - 2*a - 5*r + 11 = 0, 2*a - 9 = r. Let p(d) = 8 + 6*d - 5*d**2 + 4*d**2 - a + 2*d**2. Give p(-3).
-5
Let z(i) = -i**3 - 3*i**2 - 3*i - 6. Let t(r) be the third derivative of -r**5/12 - r**4/24 - 12*r**2 - 2. Let a be t(-1). What is z(a)?
22
Let n(p) = -121006 + 60502 - p**3 + 60512 - 8*p**2. Determine n(-8).
8
Suppose -2*s - 15 = 5*k, 4*s + 85*k = 84*k - 3. Let p(j) = -4 - j - 1 - 3 + 2. Give p(s).
-6
Let j(c) = 164 - 561 + 150 - 5*c + 139 + 140. Give j(11).
-23
Let j(v) = -27*v**2 - 22*v + 446. Let y(m) = -9*m**2 - 7*m + 149. Let z(s) = 6*j(s) - 19*y(s). Let t(p) be the first derivative of z(p). Determine t(-1).
-17
Let u(z) = -66*z + 44 + 29*z + 28*z + 19 - 4. Determine u(6).
5
Let m(s) = -8*s + 490. Let u be -6 - 42/14 - -71. Give m(u).
-6
Suppose -2*d - 30 = 4*n, d + 0*d + 33 = -5*n. Let q(k) = -8428 + 8424 - 2*k + 0*k. Let h(x) = x + 2. Let g(f) = n*q(f) - 11*h(f). Give g(-1).
1
Let m = 644 - 644. Suppose -4*v + a = -81 + 59, m = 5*v - 3*a - 24. Let d(u) = -u**3 + 5*u**2 + 7*u - 2. Determine d(v).
4
Let w be -3*((-42)/147 - (-22)/(-21)). Let y be w + 0 - (6 - -1). Let n(m) = m**3 + 3*m**2 - 2*m - 3. Determine n(y).
3
Let w(s) = -36*s + 11. Let u(f) = 31*f + 345. Let x be u(-11). Calculate w(x).
-133
Let i(s) = -s**3 - s**2 - 2*s - 4. Let g(x) = -17*x - 255. Let t be g(-15). Let f be (-10 - -10 - t)/(4/(-1)). Determine i(f).
-4
Let b(t) = t + 34. Let i(c) = -2*c - 45. Let f(m) = -3*b(m) - 2*i(m). Calculate f(17).
5
Let g(j) be the third derivative of 5/24*j**4 + 62*j**2 - j**3 + 0*j + 0 + 1/120*j**6 - 1/10*j**5. Calculate g(5).
-6
Let m(w) = w**3 - 3*w + 2*w + 1168 - 1169 + 0*w + 8*w**2. Suppose -32 = 5*r - r. What is m(r)?
7
Let a(j) be the first derivative of j**5/20 + j**4/24 - 23*j**3 - 94. Let i(x) be the third derivative of a(x). What is i(-1)?
-5
Let w(g) = -g**3 + 16*g**2 - 25*g + 11. Let b be w(12). Suppose 3*z - 31 = b. Suppose 0 = -c - 110 + z. Let j(r) = r**3 + 4*r**2 - r + 2. Calculate j(c).
6
Let m(x) = -2*x**2 - 7*x + 3. Let g(c) = c**2 + 9*c - 160. Let t be g(9). Let b be ((-144)/(-126))/(t/(-7)). What is m(b)?
-1
Suppose 17*h - 15*h = -406. Let x = 196 + h. Let k(q) = q**3 + 8*q**2 + 7*q - 2. What is k(x)?
-2
Let f(i) = 3*i - 14. Let k(r) = -4*r + 14. Let n(v) = -5*f(v) - 4*k(v). Let u(l) = l**3 - 8*l**2 - 105*l + 830. Let x be u(8). Calculate n(x).
4
Suppose 12 + 21 = -13*t - 84. Let n(w) = -w**2 - 3*w + 63. Calculate n(t).
9
Suppose 3*o + 6*h - h = -116, 3*h - 20 = o. Let d be (o/5 - -4)/((-6)/20). Let k(i) = 12*i**2 - d - 24*i**2 - i**3 + 5*i**2. Give k(-7).
-8
Let c(t) = -46*t + 695. Let l be 660/(-88)*(0/3 + -2). Give c(l).
5
Let n(g) be the second derivative of 3*g**5/20 - g**4/6 + g. Suppose 36*d - 2225 = 31*d. Let w = d - 443. What is n(w)?
16
Let b be 80/(-24)*(-60)/40. Let c(o) = -16*o + 12. Determine c(b).
-68
Suppose 0 = 24*h - 6*h - 180. Suppose 29*r - 34*r = h. Let o(i) = -i**2 + 4*i + 3. Let k(j) = -2*j**2 + 9*j + 6. Let m(b) = 2*k(b) - 5*o(b). Give m(r).
5
Let g(z) = 74 + 70270583*z**2 + 16*z + z**3 - 70270617*z**2 + 15*z. Give g(33).
8
Let h(s) = 2*s**2 + 445 - 19*s + 456 - 1388 + 454. What is h(11)?
0
Suppose -265 = 104*p + 151. Let w(h) be the first derivative of h**4/4 + h**3 - 4*h**2 - 10*h - 1. Determine w(p).
6
Let u(y) = -14*y**2 + 15*y + 14. Let v(a) = 20*a**2 - 58*a**2 - 6 + 18*a**2 + 1 - 5*a + 25*a**2. Let i = 29 + -18. Let g(l) = i*v(l) + 4*u(l). Calculate g(4).
5
Let j be 2 + 18*((-3)/(-3)